e -25 = 4*i - 5. Let x(y) = y - 3 + 1 + 9. Let j be x(i). Let v(q) = 3*q - 2. Calculate v(j).
4
Let i(j) = 7*j**2 - 4*j - 10. Let y(c) = c**2 - 1. Let x(t) = -i(t) + 6*y(t). Calculate x(5).
-1
Let n(y) = y**2 + 12*y + 6. Let z = -89 - -78. Give n(z).
-5
Let m(h) = -h + 2 - 3 + 12. Determine m(5).
6
Let d(q) = q - 1. Suppose 0*i = 2*i. Suppose i = 4*t - 0*t - 16. Determine d(t).
3
Let w = -3 - 0. Suppose 0 = 5*o + 7 + 13. Let x(l) = -5*l**3 + l**2 - 2*l + 2. Let p(n) = n**3 - n**2 - 1. Let t(z) = o*p(z) - x(z). Give t(w).
-4
Suppose 0 = -3*z + 6*a - 3*a + 12, a = 5*z - 12. Let i(h) = -2*h**2 + 3 + 3*h**z - 3*h**2 + 2*h. Let s be 4/(-6) - 44/(-12). Calculate i(s).
-9
Suppose -q + 1 = -2*q. Let g(p) = 2*p - 6. Let c be g(4). Let v(z) = 0 + 2*z + 4 + 8*z**c - 3 - z**2. Determine v(q).
6
Let a(j) = j**3 - 20*j**2 + j - 12. Let p be a(20). Let l(q) = q**3 - 8*q**2 + 3*q - 5. What is l(p)?
19
Let b(i) = -1 - 288*i**2 + 287*i**2 - 3. Calculate b(0).
-4
Let g(k) = 2*k - 4*k**2 - 3*k**2 + 6*k**2 + 1. Let w(p) be the third derivative of -p**4/24 - p**3/2 + 2*p**2. Let y be w(-5). Determine g(y).
1
Let l(o) be the first derivative of o**3/3 + 4*o**2 - 3*o + 12. Give l(-8).
-3
Let i(o) = o**3 - 4*o**2 + 3. Suppose -2*m = -3*m + 2. Let j(l) be the first derivative of l**2/2 + 2*l - 7. Let z be j(m). Determine i(z).
3
Suppose -2*y = -3*t + 7*t, 0 = -y + t. Let v(h) = -4 + y*h - 3*h + 4*h. Suppose g = 6*g - 4*w - 45, 5*w = -25. Determine v(g).
1
Let c(q) = 3*q**2 - 6*q + 6. Let g be c(1). Let d be 0 + 2 + -1 - 1. Suppose 0 = -3*u, d = 3*p - u - g + 6. Let w(h) = 8*h + 1. What is w(p)?
-7
Let u(m) = m**3 + 4*m**2 - 4*m - 4. Suppose 3*s = -s + 16. Suppose b + s*b - p = -18, 5*b + 5*p = -30. Determine u(b).
12
Suppose -2*n = -6*n - 4. Let l(p) = p - 6. Let z(d) = d - 1. Let g(x) = -l(x) + 5*z(x). Calculate g(n).
-3
Let t(l) = -l**3 + l. Let u(p) = -2*p**3 + 2*p. Let m(r) = t(r) - u(r). Let w be (2/(-6))/((-1)/3). What is m(w)?
0
Let d(b) be the second derivative of 0 - b**2 + 2/3*b**3 + 2*b. What is d(2)?
6
Let t = 88 + -84. Let j(c) = -c**2 + 2*c + 2. Give j(t).
-6
Let f(k) = 4*k + 1 + 2*k + 10*k - 6*k. Determine f(1).
11
Let l(o) = -o**3 - o**2 + 4*o - 1. Let a(h) = -h + 1. Let r(g) = -3*a(g) - l(g). Determine r(-2).
-4
Let c(l) = 2*l - 2. Let i be c(2). Let j(b) = -4*b + 2. Let t(m) = 3*m - 1. Let v(q) = i*j(q) + 3*t(q). What is v(0)?
1
Let n(o) be the third derivative of -o**6/120 + o**5/60 - o**4/24 + o**3/6 - o**2. Suppose 3*u = 4*u - 2. Let i be 2 + u + -1 + -2. Calculate n(i).
0
Let x be -4*(-1 - 1)/4. Let y(k) be the first derivative of 2*k - 1 + 3*k**x - k - 1. Calculate y(1).
7
Let z(k) = 2*k + 4. Suppose -5*m + 14 = 4. Let b(p) = p**2 - 3*p - 3. Let x be b(m). Give z(x).
-6
Suppose -b + 2*b = 3. Let a(t) be the first derivative of -5*t**3/3 - t**2/2 - t + 2. Let g(h) = -h. Let i(o) = b*g(o) - a(o). Determine i(1).
4
Suppose -3*k - k + 3*j = 4, -5*j + 24 = 2*k. Suppose -k*z + 3*b = -24, -z + 4*z - b = 22. Let c(m) = -m + 5. Determine c(z).
-1
Let m(x) = x**2 + 3*x - 6. Let z be m(-5). Let c(y) be the second derivative of 0*y**2 - 2*y - 1/6*y**3 - 1/20*y**5 + 0 + 1/3*y**4. What is c(z)?
-4
Let p(f) be the first derivative of f**4/4 - 2*f**3 + 5*f**2/2 - 5. Determine p(4).
-12
Let o(n) = 5*n**3 + 2*n**2 - n + 10. Let h(g) = -6*g**3 - g**2 + g - 11. Let z(c) = -4*h(c) - 5*o(c). Give z(-6).
-12
Let l(p) be the third derivative of p**5/60 + p**4/24 + 11*p**3/6 + 31*p**2. What is l(0)?
11
Let h(w) = 4*w**2 - 6*w + 14. Let b(f) = f**2 - 2*f + 5. Let g(j) = -11*b(j) + 4*h(j). Calculate g(1).
4
Let o(r) = 3*r**2 - r**2 - r**3 - r + 2*r**3 - 6*r**2 - 5. Let v be (-1 - 0)/(-1) + 3. Determine o(v).
-9
Let t(s) = -s**3 + 2*s - 1. Let m be (1/2)/((-7)/(-28)). Let a be ((-2)/(-4))/(m/(-8)). Determine t(a).
3
Let x = -36 - -36. Let q(a) = -a**2 - 21. Determine q(x).
-21
Suppose -2*b + 5*b - 9 = -d, -5 = -b. Let m(a) be the second derivative of -a**4/12 - a**3 - a. Give m(d).
0
Suppose 0 = -5*d - 1 + 21. Let c(p) be the first derivative of 1 - 1/3*p**3 + 2*p + p**2. Give c(d).
-6
Let i(k) = -k**2 + 2*k - 4. Suppose -b + 0*b = 5*m - 13, -m = -5*b - 13. Let x be (1 + m)*(-3)/4. Let l be 4 + x/3*1. Determine i(l).
-7
Let w be 2/6*0 - -4. Suppose -4*l = -7*l + 5*u - 2, w*l + u - 28 = 0. Suppose -6 = -3*x + l. Let y(o) = o**3 - 5*o**2 + 2*o + 3. Determine y(x).
-5
Let y(v) = 0*v**2 - 2 + 62*v**3 + v**2 - 61*v**3. Calculate y(0).
-2
Let n be 9/1*(1 - 14/6). Let t(l) = l**3 + 13*l**2 + 13*l + 16. Calculate t(n).
4
Let o(q) = -q**2 + 7*q + 3. Let x be o(6). Let z(n) = n**3 - 8*n**2 - 7*n - 13. Let p be z(x). Let d(k) = -k**2 + 4*k + 6. Give d(p).
1
Let i(d) be the third derivative of -d**6/120 - d**5/20 + d**4/6 - 5*d**3/6 - 2*d**2. Suppose 2*a - 5 = 5. Suppose 2*q + 13 = a. Give i(q).
-5
Let j(w) = -3*w - 2 + 5*w - 7*w - 4*w. What is j(-2)?
16
Let m(r) be the second derivative of r**4/12 + r**3 + r**2 - 9*r. Suppose -3*j - 2 = 13. Give m(j).
-3
Let y(j) = j**3 + 2*j**2 - 4*j + 1. Let p(a) = -a**3 + 8*a**2 + 10*a - 12. Suppose -5 = -z + 4. Let m be p(z). Determine y(m).
4
Let m(j) be the second derivative of -j**3/6 - j**2/2 + 2*j. Determine m(-1).
0
Let t(q) = -2*q. Let g be -3*(-6)/(-27)*-9. Suppose -2*l = -g*l - 8. Let r be (-9)/(l + -1) - -1. Calculate t(r).
-8
Let f(l) be the first derivative of -l**2 - 8*l + 2. Let u(c) = c + 3. Let k(p) = 5*f(p) + 12*u(p). Let z(a) = -a**2 + a + 3. Let o be z(0). Calculate k(o).
2
Let q be ((-30)/6 + 5)/(-2). Let x(s) = -s**2 - 4*s + 2. Let v be x(-4). Let r(l) = -2*l + v*l + l**2 - 1. Give r(q).
-1
Let x = -2 - -1. Let q = 3 + x. Let t(v) = 2*v + 2. Calculate t(q).
6
Suppose y + 16 = 5*y. Suppose -s - 3 = -2*h, -h + 2 = y*s - 4. Let v(n) = n**2. Determine v(s).
1
Let f(g) be the second derivative of g**4/12 - 2*g**3/3 + g**2 - g. Let u be f(4). Let t(h) = -3*h - 1. Give t(u).
-7
Let d(s) = 3*s - 4. Suppose 2*c - 14 - 9 = -3*q, -5*q = 5*c - 45. Determine d(c).
8
Let s(u) = -u + 4. Suppose 3*t - 5*t = 2. Let h be (-20)/(-5)*(0 - t). What is s(h)?
0
Let a = 21 - 24. Let s(u) = -2 + 2*u + 0*u + 0*u**2 + 3*u**2 + u**3. Determine s(a).
-8
Let k = 7 - 11. Let g(l) = 1. Let t(b) = b + 2. Let o(h) = -2*g(h) + t(h). Determine o(k).
-4
Let p(n) = -n - 3. Let q(h) = 2*h**3 - 2*h**2 - 3*h + 3. Let r be q(2). Suppose v - 4 = -3*v - r*z, -z + 20 = -4*v. Give p(v).
1
Suppose -5*t + 12 = -2*t. Let p(z) be the first derivative of z**2 - z + 0*z + 0*z**2 + t. What is p(3)?
5
Let s(u) = 3*u - 1 - 2*u + 0*u + 2*u. Let q(v) = -2*v + 1. Let k(y) = -7*q(y) - 5*s(y). Calculate k(-4).
2
Let g(c) be the third derivative of -c**5/60 - c**4/3 + 4*c**3/3 + 56*c**2. Determine g(-8).
8
Let d(j) = j**2 + 3*j + 1. Suppose -3 + 9 = 3*l. Let f(o) = -6*o**2 + 14*o**l - 7*o**2 + 6 - 6*o. Let u be f(4). Calculate d(u).
-1
Let f(k) = -k**3 + 3*k**2 + 2*k + 2. Suppose 3*h + 1 = 4*d - 15, 5*h = 4*d - 16. Let o be f(d). Let n(w) = -w**3 - 6*w**2 + 7. Calculate n(o).
7
Let a(w) = -w - 8. Let t be (-26)/(-6) - 1/3. Let g = t - 4. Suppose -x = -g*x + 4*b + 4, b = -1. Calculate a(x).
-8
Let q(x) = x**2 - 8*x + 7. Let g(v) be the first derivative of 2*v**3/3 + 5*v**2/2 + 2*v + 2. Let n be g(-3). Calculate q(n).
-8
Let t(u) = u**2 + 2*u - 3. Let c be (-141)/(-6) + (-2)/4. Let x be (-4)/(-14) + c/(-7). What is t(x)?
0
Let o(u) = 2*u - 4. Let c be o(4). Let s(p) = -5*p**3 + 9*p**2 + p - 2. Let r(d) = -d**3 + d**2 - 1. Let y(m) = c*r(m) - s(m). Calculate y(5).
-7
Let l(g) = -6*g + 2. Let t be (-4)/8*(-5)/((-15)/(-12)). Determine l(t).
-10
Let j(r) be the second derivative of r**7/504 + r**6/720 + r**4/12 - 2*r. Let u(s) be the third derivative of j(s). Let d = -2 - -3. What is u(d)?
6
Let n = -49 + 14. Let u be 4/(-14) + (-115)/n. Let o(t) be the second derivative of t**3/6 - t**2 + t. Calculate o(u).
1
Let k(o) = o**2 - o - 3. Let h(g) = 7*g**2 - 50*g + 7. Let c be h(7). What is k(c)?
-3
Let n(g) = 11*g + 4. Let s(m) = -5*m - 2. Let x(l) = -6*n(l) - 13*s(l). Let b(u) = u**2 + 9*u - 2. Let a be b(-9). Determine x(a).
4
Let u(o) be the third derivative of o**6/60 + o**5/30 + o**4/24 + o**3/6 + 4*o**2. Suppose 5*a = -1 - 9. Calculate u(a).
-9
Let a(m) = -m**2 - 5*m - 6. Let w be (-9)/2*40/15. Let h = 20 + w. Suppose v = -v - h. Calculate a(v).
-2
Let a(d) = -6*d - 5*d**2 - 4 + 2*d**